{"id":770,"date":"2021-05-29T19:34:53","date_gmt":"2021-05-29T17:34:53","guid":{"rendered":"https:\/\/acoustic-precision.fr\/wordpress\/?page_id=770"},"modified":"2021-06-08T11:31:09","modified_gmt":"2021-06-08T09:31:09","slug":"venture-cable-line","status":"publish","type":"page","link":"https:\/\/acoustic-precision.fr\/index.php\/venture-cable-line\/","title":{"rendered":"VENTURE CABLE LINE"},"content":{"rendered":"\n<div class=\"wp-block-jetpack-layout-grid alignfull column1-desktop-grid__span-2 column1-desktop-grid__start-5 column1-desktop-grid__row-1 column2-desktop-grid__span-2 column2-desktop-grid__start-7 column2-desktop-grid__row-1 column1-tablet-grid__span-4 column1-tablet-grid__row-1 column2-tablet-grid__span-4 column2-tablet-grid__start-5 column2-tablet-grid__row-1 column1-mobile-grid__span-4 column1-mobile-grid__row-1 column2-mobile-grid__span-4 column2-mobile-grid__row-2 are-vertically-aligned-center\">\n<div class=\"wp-block-jetpack-layout-grid-column wp-block-jetpack-layout-grid__padding-none is-vertically-aligned-center\">\n<div class=\"wp-block-image\"><figure class=\"aligncenter size-large\"><img loading=\"lazy\" width=\"418\" height=\"136\" src=\"http:\/\/acoustic-precision.fr\/wp-content\/uploads\/2021\/06\/logo-1.jpg\" alt=\"\" class=\"wp-image-1146\" srcset=\"https:\/\/acoustic-precision.fr\/wp-content\/uploads\/2021\/06\/logo-1.jpg 418w, https:\/\/acoustic-precision.fr\/wp-content\/uploads\/2021\/06\/logo-1-300x98.jpg 300w\" sizes=\"(max-width: 418px) 100vw, 418px\" \/><\/figure><\/div>\n\n\n\n<p class=\"has-text-align-center\"><strong>C\u00e2bles &amp; Enceintes<\/strong><\/p>\n<\/div>\n\n\n\n<div class=\"wp-block-jetpack-layout-grid-column wp-block-jetpack-layout-grid__padding-none is-vertically-aligned-center\">\n<div class=\"wp-block-image\"><figure class=\"aligncenter size-large\"><img loading=\"lazy\" width=\"750\" height=\"750\" src=\"http:\/\/acoustic-precision.fr\/wp-content\/uploads\/2021\/06\/VENTURE-photo-bandeau-cables.png\" alt=\"\" class=\"wp-image-1148\" srcset=\"https:\/\/acoustic-precision.fr\/wp-content\/uploads\/2021\/06\/VENTURE-photo-bandeau-cables.png 750w, https:\/\/acoustic-precision.fr\/wp-content\/uploads\/2021\/06\/VENTURE-photo-bandeau-cables-300x300.png 300w, https:\/\/acoustic-precision.fr\/wp-content\/uploads\/2021\/06\/VENTURE-photo-bandeau-cables-150x150.png 150w\" sizes=\"(max-width: 750px) 100vw, 750px\" \/><\/figure><\/div>\n<\/div>\n<\/div>\n\n\n\n<p><strong>C\u00e2bles de liaison VENTURE<\/strong><\/p>\n\n\n\n<p>Venture audio a pour r\u00e9putation de concevoir et fabriquer les meilleurs c\u00e2bles audios haut de gamme associant une transparence \u00e0 couper le souffle, un son clair et naturel et un \u00e9largissement spectaculaire de la r\u00e9ponse en fr\u00e9quence.<\/p>\n\n\n\n<p>La nouvelle g\u00e9n\u00e9ration de c\u00e2bles Venture, Grand Ultima &#8211; Golden Jubilee &#8211; Jubilee -Blue Diamond, repr\u00e9sente une avanc\u00e9e importante dans la contribution des liaisons \u00e0 l\u2019excellence de la performance musicale d\u2019un syst\u00e8me audiophile. C\u2019est la poursuite logique de la philosophie d&#8217;entreprise de Venture&nbsp;: se rapprocher le plus possible de l\u2019\u00e9coute \u00ab&nbsp;Live&nbsp;\u00bb, mise en \u0153uvre depuis la premi\u00e8re conception de c\u00e2ble Venture en 1988. Tous les c\u00e2bles sont soigneusement fabriqu\u00e9s \u00e0 la main dans l\u2019atelier de Venture en Belgique.<\/p>\n\n\n\n<p>La structure isolant\/blindage constitu\u00e9e d\u2019un di\u00e9lectrique composite Air-T\u00e9flon blanc\/noir et d\u2019une tresse de blindage a toujours \u00e9t\u00e9 la signature de Venture et est tr\u00e8s populaire parmi les audiophiles en Asie.<\/p>\n\n\n\n<p>Non seulement ils sont beaux, mais gr\u00e2ce \u00e0 la technologie de pointe Air-Teflon, d\u00e9velopp\u00e9e pour les applications spatiales, exclusivement utilis\u00e9e par Venture plus les mat\u00e9riaux de blindage composite de ses c\u00e2bles, les pr\u00e9cieux signaux audios sont parfaitement prot\u00e9g\u00e9s des bruits de fond provenant de l\u2019environnement \u00e9lectro magn\u00e9tique.<\/p>\n\n\n\n<p>Tous les connecteurs RCA et XLR sont plaqu\u00e9s rhodium et marqu\u00e9s du logo Venture.<\/p>\n\n\n\n<p>En utilisant les c\u00e2bles VENTURE l&#8217;am\u00e9lioration des performances du syst\u00e8me est obtenue gr\u00e2ce \u00e0 l\u2019efficacit\u00e9 de cet ultra blindage, aux pertes ultra faibles, une r\u00e9ponse en phase exceptionnelle et une grande stabilit\u00e9 spatiale sur tout le spectre.<\/p>\n\n\n\n<p>L\u2019imp\u00e9dance pr\u00e9cise du c\u00e2ble et son adaptation ajust\u00e9e \u00e0 la charge sont essentielles pour obtenir des performances pr\u00e9cises et respecter l\u2019int\u00e9grit\u00e9 et la fid\u00e9lit\u00e9 du signal. Les c\u00e2bles Venture offrent la combinaison ultime de performances musicales exceptionnelles et de performances \u00e9lectriques sup\u00e9rieures.<\/p>\n\n\n\n<div class=\"wp-block-file\"><a href=\"http:\/\/acoustic-precision.fr\/wp-content\/uploads\/2021\/06\/Venture-Audio-cable-line.pdf\" target=\"_blank\" rel=\"noreferrer noopener\">Venture-Audio-cable-line<\/a><\/div>\n\n\n\n<div class=\"wp-block-file\"><a href=\"http:\/\/acoustic-precision.fr\/wp-content\/uploads\/2021\/06\/Presentation-VENTURE.pdf\" target=\"_blank\" rel=\"noreferrer noopener\">Presentation-VENTURE<\/a><\/div>\n\n\n\n<figure class=\"wp-block-table alignwide\"><table><tbody><tr><td>&nbsp;<\/td><td>&nbsp;<\/td><td><strong><u>INTERCONNECT RCA<\/u><\/strong><\/td><td><strong><u>INTERCONNECT XLR<\/u><\/strong><\/td><td><strong><u>CABLES HP<\/u><\/strong><\/td><td><strong><u>CABLES SECTEUR<\/u><\/strong><\/td><\/tr><tr><td><img class=\"wp-image-773\" style=\"width: 150px;\" src=\"https:\/\/acoustic-precision.fr\/wordpress\/wp-content\/uploads\/2021\/05\/VENTURE-Cable-Grand.Magnus_web.jpg\" alt=\"\"><img loading=\"lazy\" width=\"750\" height=\"489\" class=\"wp-image-1158\" style=\"width: 150px;\" src=\"http:\/\/acoustic-precision.fr\/wp-content\/uploads\/2021\/06\/VENTURE-Cable-Grand.Magnus_web.jpg\" alt=\"\" srcset=\"https:\/\/acoustic-precision.fr\/wp-content\/uploads\/2021\/06\/VENTURE-Cable-Grand.Magnus_web.jpg 750w, https:\/\/acoustic-precision.fr\/wp-content\/uploads\/2021\/06\/VENTURE-Cable-Grand.Magnus_web-300x196.jpg 300w\" sizes=\"(max-width: 750px) 100vw, 750px\" \/><\/td><td><strong><u>GRAND MAGNUS<\/u><\/strong><\/td><td><strong>Ultra Wide Bandwidth 10 gHz<\/strong> <strong>Longueur:<br>1 \u2013 1,5 &#8211; 2 \u2013 2,5 m<\/strong><\/td><td><strong>&#8211;<\/strong><\/td><td><strong>Maximum Current: 100 A<\/strong> <strong>Longueur:<br>2 \u2013 2,5 &#8211; 3 m<\/strong><\/td><td><strong>Longueur:<br>1,5 \u2013 1,8 \u2013 2,1 \u2013 2,4 m<\/strong><strong><u><\/u><\/strong><\/td><\/tr><tr><td><img class=\"wp-image-774\" style=\"width: 150px;\" src=\"https:\/\/acoustic-precision.fr\/wordpress\/wp-content\/uploads\/2021\/05\/VENTURE-Cable-Golden-Jubilee.jpg\" alt=\"\"><img loading=\"lazy\" width=\"750\" height=\"640\" class=\"wp-image-1156\" style=\"width: 150px;\" src=\"http:\/\/acoustic-precision.fr\/wp-content\/uploads\/2021\/06\/VENTURE-Cable-Golden-Jubilee.jpg\" alt=\"\" srcset=\"https:\/\/acoustic-precision.fr\/wp-content\/uploads\/2021\/06\/VENTURE-Cable-Golden-Jubilee.jpg 750w, https:\/\/acoustic-precision.fr\/wp-content\/uploads\/2021\/06\/VENTURE-Cable-Golden-Jubilee-300x256.jpg 300w\" sizes=\"(max-width: 750px) 100vw, 750px\" \/><\/td><td><strong><u>GOLDEN JUBILEE<\/u><\/strong><\/td><td><strong>Longueur:<br>1 \u2013 1,5 &#8211; 2 -2,5 m<\/strong><strong><u><\/u><\/strong><\/td><td><strong>Longueur:<br>1 \u2013 1,5 &#8211; 2 -2,5 m<\/strong><strong><u><\/u><\/strong><\/td><td><strong>Longueur:<br>2 \u2013 2,5 &#8211; 3 m<\/strong><strong><u><\/u><\/strong><\/td><td><strong>&#8211;<\/strong><strong><u><\/u><\/strong><\/td><\/tr><tr><td><img class=\"wp-image-775\" style=\"width: 150px;\" src=\"https:\/\/acoustic-precision.fr\/wordpress\/wp-content\/uploads\/2021\/05\/VENTURE-Cable-Jubilee_IC.jpg\" alt=\"\"><img loading=\"lazy\" width=\"1000\" height=\"668\" class=\"wp-image-1157\" style=\"width: 150px;\" src=\"http:\/\/acoustic-precision.fr\/wp-content\/uploads\/2021\/06\/VENTURE-Cable-Jubilee_IC.jpg\" alt=\"\" srcset=\"https:\/\/acoustic-precision.fr\/wp-content\/uploads\/2021\/06\/VENTURE-Cable-Jubilee_IC.jpg 1000w, https:\/\/acoustic-precision.fr\/wp-content\/uploads\/2021\/06\/VENTURE-Cable-Jubilee_IC-300x200.jpg 300w, https:\/\/acoustic-precision.fr\/wp-content\/uploads\/2021\/06\/VENTURE-Cable-Jubilee_IC-768x513.jpg 768w\" sizes=\"(max-width: 1000px) 100vw, 1000px\" \/><\/td><td><strong><u>JUBILEE<\/u><\/strong><\/td><td><strong>Longueur:<br>1 \u2013 1,5 &#8211; 2 -2,5 m<\/strong><strong><u><\/u><\/strong><\/td><td><strong>Longueur:<br>1 \u2013 1,5 &#8211; 2 -2,5 m<\/strong><strong><u><\/u><\/strong><\/td><td><strong>Longueur:<br>2 \u2013 2,5 &#8211; 3 m<\/strong><strong><u><\/u><\/strong><\/td><td><strong>Longueur:<br>1,5 \u2013 1,8 \u2013 2,1 \u2013 2,4 m<\/strong><\/td><\/tr><tr><td><img class=\"wp-image-776\" style=\"width: 150px;\" src=\"https:\/\/acoustic-precision.fr\/wordpress\/wp-content\/uploads\/2021\/05\/VENTURE-Cable-Blue-Diamond.jpg\" alt=\"\"><img loading=\"lazy\" width=\"750\" height=\"1000\" class=\"wp-image-1155\" style=\"width: 150px;\" src=\"http:\/\/acoustic-precision.fr\/wp-content\/uploads\/2021\/06\/VENTURE-Cable-Blue-Diamond.jpg\" alt=\"\" srcset=\"https:\/\/acoustic-precision.fr\/wp-content\/uploads\/2021\/06\/VENTURE-Cable-Blue-Diamond.jpg 750w, https:\/\/acoustic-precision.fr\/wp-content\/uploads\/2021\/06\/VENTURE-Cable-Blue-Diamond-225x300.jpg 225w\" sizes=\"(max-width: 750px) 100vw, 750px\" \/><\/td><td><strong><u>BLUE DIAMOND<\/u><\/strong><\/td><td><strong>Longueur:<br>1 \u2013 1,5 &#8211; 2 -2,5 m<\/strong><strong><u><\/u><\/strong><\/td><td><strong>Longueur:<br>1 \u2013 1,5 &#8211; 2 -2,5 m<\/strong><strong><u><\/u><\/strong><\/td><td><strong>Longueur:<br>2 \u2013 2,5 &#8211; 3 m<\/strong><strong><u><\/u><\/strong><\/td><td><strong>Longueur:<br>1,5 \u2013 1,8 \u2013 2,1 \u2013 2,4 m<\/strong><\/td><\/tr><\/tbody><\/table><\/figure>\n","protected":false},"excerpt":{"rendered":"<p>C\u00e2bles de liaison VENTURE Venture audio a pour r\u00e9putation de concevoir et fabriquer les meilleurs c\u00e2bles audios haut de gamme associant une transparence \u00e0 couper le souffle, un son clair et naturel et un \u00e9largissement spectaculaire de la r\u00e9ponse en fr\u00e9quence. La nouvelle g\u00e9n\u00e9ration de c\u00e2bles Venture, Grand Ultima &#8211; Golden Jubilee &#8211; Jubilee -Blue [&hellip;]<\/p>\n","protected":false},"author":1,"featured_media":0,"parent":0,"menu_order":0,"comment_status":"closed","ping_status":"closed","template":"","meta":[],"_links":{"self":[{"href":"https:\/\/acoustic-precision.fr\/index.php\/wp-json\/wp\/v2\/pages\/770"}],"collection":[{"href":"https:\/\/acoustic-precision.fr\/index.php\/wp-json\/wp\/v2\/pages"}],"about":[{"href":"https:\/\/acoustic-precision.fr\/index.php\/wp-json\/wp\/v2\/types\/page"}],"author":[{"embeddable":true,"href":"https:\/\/acoustic-precision.fr\/index.php\/wp-json\/wp\/v2\/users\/1"}],"replies":[{"embeddable":true,"href":"https:\/\/acoustic-precision.fr\/index.php\/wp-json\/wp\/v2\/comments?post=770"}],"version-history":[{"count":2,"href":"https:\/\/acoustic-precision.fr\/index.php\/wp-json\/wp\/v2\/pages\/770\/revisions"}],"predecessor-version":[{"id":1160,"href":"https:\/\/acoustic-precision.fr\/index.php\/wp-json\/wp\/v2\/pages\/770\/revisions\/1160"}],"wp:attachment":[{"href":"https:\/\/acoustic-precision.fr\/index.php\/wp-json\/wp\/v2\/media?parent=770"}],"curies":[{"name":"wp","href":"https:\/\/api.w.org\/{rel}","templated":true}]}}