{"id":100,"date":"2021-04-07T11:43:28","date_gmt":"2021-04-07T09:43:28","guid":{"rendered":"https:\/\/acousticprecision.wordpress.com\/?page_id=100"},"modified":"2021-06-08T13:42:16","modified_gmt":"2021-06-08T11:42:16","slug":"lyra","status":"publish","type":"page","link":"https:\/\/acoustic-precision.fr\/index.php\/lyra\/","title":{"rendered":"LYRA"},"content":{"rendered":"\n<div class=\"wp-block-jetpack-layout-grid alignfull column1-desktop-grid__span-2 column1-desktop-grid__start-5 column1-desktop-grid__row-1 column2-desktop-grid__span-2 column2-desktop-grid__start-7 column2-desktop-grid__row-1 column1-tablet-grid__span-4 column1-tablet-grid__row-1 column2-tablet-grid__span-4 column2-tablet-grid__start-5 column2-tablet-grid__row-1 column1-mobile-grid__span-4 column1-mobile-grid__row-1 column2-mobile-grid__span-4 column2-mobile-grid__row-2 are-vertically-aligned-center\">\n<div class=\"wp-block-jetpack-layout-grid-column wp-block-jetpack-layout-grid__padding-none is-vertically-aligned-center\">\n<div class=\"wp-block-image\"><figure class=\"aligncenter size-large\"><img loading=\"lazy\" width=\"205\" height=\"51\" src=\"http:\/\/acoustic-precision.fr\/wp-content\/uploads\/2021\/06\/logo-2.png\" alt=\"\" class=\"wp-image-1228\"\/><\/figure><\/div>\n\n\n\n<p class=\"has-text-align-center\"><strong>Cellules LYRA<\/strong><\/p>\n<\/div>\n\n\n\n<div class=\"wp-block-jetpack-layout-grid-column wp-block-jetpack-layout-grid__padding-none is-vertically-aligned-center\">\n<figure class=\"wp-block-image size-large\"><img loading=\"lazy\" width=\"700\" height=\"400\" src=\"http:\/\/acoustic-precision.fr\/wp-content\/uploads\/2021\/06\/LYRA-ETNA-LAMBDA-page-principale-et-pages-Etna.jpg\" alt=\"\" class=\"wp-image-1229\" srcset=\"https:\/\/acoustic-precision.fr\/wp-content\/uploads\/2021\/06\/LYRA-ETNA-LAMBDA-page-principale-et-pages-Etna.jpg 700w, https:\/\/acoustic-precision.fr\/wp-content\/uploads\/2021\/06\/LYRA-ETNA-LAMBDA-page-principale-et-pages-Etna-300x171.jpg 300w\" sizes=\"(max-width: 700px) 100vw, 700px\" \/><\/figure>\n<\/div>\n<\/div>\n\n\n\n<div class=\"wp-block-jetpack-layout-grid alignfull column1-desktop-grid__span-5 column1-desktop-grid__row-1 column2-desktop-grid__span-7 column2-desktop-grid__start-6 column2-desktop-grid__row-1 column1-tablet-grid__span-4 column1-tablet-grid__row-1 column2-tablet-grid__span-4 column2-tablet-grid__start-5 column2-tablet-grid__row-1 column1-mobile-grid__span-4 column1-mobile-grid__row-1 column2-mobile-grid__span-4 column2-mobile-grid__row-2 are-vertically-aligned-center\">\n<div class=\"wp-block-jetpack-layout-grid-column wp-block-jetpack-layout-grid__padding-none is-vertically-aligned-center\">\n<div class=\"wp-block-image\"><figure class=\"aligncenter size-large\"><img loading=\"lazy\" width=\"288\" height=\"288\" src=\"http:\/\/acoustic-precision.fr\/wp-content\/uploads\/2021\/06\/LYRA-J_Carr-page-principale.jpg\" alt=\"\" class=\"wp-image-1230\" srcset=\"https:\/\/acoustic-precision.fr\/wp-content\/uploads\/2021\/06\/LYRA-J_Carr-page-principale.jpg 288w, https:\/\/acoustic-precision.fr\/wp-content\/uploads\/2021\/06\/LYRA-J_Carr-page-principale-150x150.jpg 150w\" sizes=\"(max-width: 288px) 100vw, 288px\" \/><\/figure><\/div>\n<\/div>\n\n\n\n<div class=\"wp-block-jetpack-layout-grid-column wp-block-jetpack-layout-grid__padding-none is-vertically-aligned-center\">\n<p>Les cellules Phono de Lyra sont le r\u00e9sultat de la collaboration d\u2019Experts qui ont consacr\u00e9 une part importante de leur vie \u00e0 d\u00e9velopper la gamme de cellules \u00e0 bobines mobiles ainsi que d\u2019\u00e9lectroniques, accessoires et c\u00e2blages associ\u00e9s&nbsp;:&nbsp; Jonathan Carr, le concepteur am\u00e9ricain, Yoshinori Mishima et <strong>Akiko Ishiyama<\/strong>, les ma\u00eetre-artisans japonais dont l&#8217;\u0153il vigilant garantit la fabrication et l&#8217;assemblage au plus haut niveau, et le norv\u00e9gien Stig Bjorge, le chef d&#8217;entreprise, qui&nbsp; coordonne les efforts de tous et le d\u00e9veloppement commercial. Ensemble, ils partagent la passion de l&#8217;audio analogique et depuis plusieurs d\u00e9cennies cr\u00e9ent et produisent des cellules phono pour le plus grand plaisir des audiophiles m\u00e9lomanes. Cette \u00e9quipe, bas\u00e9e \u00e0 Tokyo, ne vit pas seulement \u00e0 la fronti\u00e8re de la conception et de la fabrication, mais elle fait avancer constamment cette fronti\u00e8re.<\/p>\n<\/div>\n<\/div>\n\n\n\n<p>L\u2019ensemble des cellules LYRA utilisent la technologie \u00ab les vinyles sous un autre angle \u00bb&nbsp;: l\u2019axe des bobines mobiles est inclin\u00e9 au repos de telle sorte qu\u2019elles sont parfaitement align\u00e9es avec les aimants pendant la lecture des LP (la force d\u2019appui modifiant l\u2019alignement du porte diamant). Gr\u00e2ce \u00e0 cette disposition originale, les bobines mobiles se d\u00e9placent de mani\u00e8re optimale dans toutes les directions et dans un champ magn\u00e9tique uniforme. Les distorsions de lecture sont minimis\u00e9es.<\/p>\n\n\n\n<p>La structure m\u00e9canique en sandwich non r\u00e9sonnant (titane + aluminium), asym\u00e9trique, permet de drainer hors de la cellule toutes les vibrations non converties en signal \u00e9lectrique&nbsp;: ainsi les vibrations r\u00e9siduelles ne polluent pas le signal extrait ou en cours de lecture. La signature sonore induite par le corps de la cellule est tr\u00e8s, tr\u00e8s faible. Cette construction multi-mat\u00e9riau et multicouche, de forme diff\u00e9rente \u00e0 droite et \u00e0 gauche, supprime efficacement toute r\u00e9sonance induite, g\u00e9n\u00e9ratrice de coloration sonore.<\/p>\n\n\n\n<p>Le levier porte diamant est en bore, plaqu\u00e9 diamant pour le haut de gamme. Il est mont\u00e9 directement dans le corps de la cellule cr\u00e9ant ainsi une liaison continue totalement rigide entre le levier porte diamant et la coquille. Les diamants b\u00e9n\u00e9ficient d\u2019une taille sp\u00e9cifique exclusive et <strong>propre \u00e0 chaque mod\u00e8le<\/strong>.<\/p>\n\n\n\n<p>Le choix de chaque \u00e9l\u00e9ment et l\u2019ensemble des techniques mises en \u0153uvre par LYRA permettent d\u2019obtenir pour chacun des mod\u00e8les la parfaite fid\u00e9lit\u00e9 de la restitution sonore \u00e0 partir d\u2019un disque vinyle. Tous ces \u00e9l\u00e9ments sont totalement solidaires&nbsp;: par exemple, la suspension et le levier porte diamant sont aussi importants que le diamant lui-m\u00eame. Un remplacement partiel est impossible sans compromettre d\u00e9finitivement la musicalit\u00e9 de la cellule.<\/p>\n\n\n\n<p class=\"has-text-color\" style=\"color:#e11414\"><em>Depuis sa fondation en 1985, afin de garantir les performances originales de tous ses mod\u00e8les, Lyra ne fait pas de reconditionnement de cellule. En cas de d\u00e9g\u00e2t ou d\u2019usure, Lyra proc\u00e8de \u00e0 une reprise de la cellule Lyra endommag\u00e9e et \u00e0 la fourniture d\u2019une cellule neuve, ce moyennant un prix pr\u00e9f\u00e9rentiel.<br><u>La cellule de remplacement est strictement neuve et b\u00e9n\u00e9ficie des derni\u00e8res \u00e9volutions.<\/u><\/em><\/p>\n\n\n\n<div class=\"wp-block-file\"><a href=\"http:\/\/acoustic-precision.fr\/wp-content\/uploads\/2021\/06\/LYRA-lambdaCollection-F.pdf\" target=\"_blank\" rel=\"noreferrer noopener\">LYRA-lambdaCollection-F<\/a><\/div>\n\n\n\n<p><strong>LYRA DELOS<\/strong><\/p>\n\n\n\n<p><em>\u00ab La Lyra Delos a des capacit\u00e9s qui \u00e9tonnent \u00e0 son niveau de prix. Brillante techniquement et accomplie musicalement, elle fait tout ce que vous pouvez en attendre, et plus encore. En effet, elle est si exceptionnelle que les acheteurs potentiels peuvent se demander pourquoi ils d\u00e9penseraient des sommes suppl\u00e9mentaires \u00bb.<\/em><\/p>\n\n\n\n<p><strong>Hi\u2010Fi News Staff <\/strong>(21 octobre 2014)<\/p>\n\n\n\n<p><em>\u00ab Outre la qualit\u00e9 exceptionnelle des fr\u00e9quences \u00e9lev\u00e9es, la capacit\u00e9 de la Delos \u00e0 reproduire une ligne de basse est \u00e9galement formidable \u2010 dynamique, profonde et musicale. S\u00e9paration st\u00e9r\u00e9o et r\u00e9solution sont excellentes, comme l\u2019image produite, large, profonde et tri\u2010dimensionnelle. Je ne retrouve pas un seul achat audio qui m&#8217;a donn\u00e9 plus de &#8220;waouh&#8221; moments que le Lyra Delos\u00bb.<\/em><\/p>\n\n\n\n<p><strong>Positive Feedback 82 <\/strong>Gary L Beard (11\u201015\u20102015)<\/p>\n\n\n\n<div class=\"wp-block-buttons\">\n<div class=\"wp-block-button\"><a class=\"wp-block-button__link\" href=\"http:\/\/acoustic-precision.fr\/index.php\/lyra-delos\/\"> AP LYRA DELOS <\/a><\/div>\n<\/div>\n\n\n\n<p><strong>LYRA KLEOS<\/strong><\/p>\n\n\n\n<p><em>\u00ab&nbsp;La Kleos est si transparente, sa r\u00e9ponse transitoire si rapide, son arri\u00e8re-plan si surnaturellement silencieux que la qualit\u00e9 de la reproduction semblait n\u2019\u00eatre limit\u00e9 que par l&#8217;enregistrement lui-m\u00eame. Le rejet du bruit de surface par la Lyra Kleos porte ce point fort \u00e0 des niveaux enti\u00e8rement nouveaux et stratosph\u00e9riques (ou devrais-je dire au plus bas ?).<br>Apr\u00e8s avoir \u00e9cout\u00e9 la Lyra Kleos dans mon syst\u00e8me pendant pr\u00e8s de deux mois, une telle am\u00e9lioration du son est presque inimaginable. Bravo Lyra!&nbsp;\u00bb<\/em><\/p>\n\n\n\n<p><strong>Enjoy the Music<\/strong><em>&nbsp; <\/em>Tom Lyle&nbsp; (avril 2011)<\/p>\n\n\n\n<p><strong><em>Trois mod\u00e8les de LYRA KLEOS sont propos\u00e9s afin de r\u00e9pondre \u00e0 toutes les configurations.<\/em><\/strong><\/p>\n\n\n\n<figure class=\"wp-block-table\"><table><tbody><tr><td>LYRA KLEOS<\/td><td><strong>Output voltage<\/strong>: 0.5mV@5cm\/sec<\/td><td>AP LYRA KLEOS<\/td><\/tr><tr><td>LYRA KLEOS&nbsp; Single Layer SL<\/td><td><strong>Output voltage: <\/strong>0.25mV@5cm\/sec<\/td><td>AP LYRA KLEOS SL<\/td><\/tr><tr><td>LYRA KLEOS Mono<\/td><td><strong>Output voltage: <\/strong>0.25mV@5cm\/sec., Mono<\/td><td>LYRA KLEOS Mono<\/td><\/tr><\/tbody><\/table><\/figure>\n\n\n\n<div class=\"wp-block-buttons\">\n<div class=\"wp-block-button\"><a class=\"wp-block-button__link\" href=\"http:\/\/acoustic-precision.fr\/index.php\/lyra-kleos\/\"> AP LYRA KLEOS <\/a><\/div>\n\n\n\n<div class=\"wp-block-button\"><a class=\"wp-block-button__link\" href=\"http:\/\/acoustic-precision.fr\/index.php\/lyra-kleos-sl\/\"> AP LYRA KLEOS SL <\/a><\/div>\n\n\n\n<div class=\"wp-block-button\"><a class=\"wp-block-button__link\" href=\"http:\/\/acoustic-precision.fr\/index.php\/lyra-kleos-mono\/\"> AP LYRA KLEOS Mono <\/a><\/div>\n<\/div>\n\n\n\n<p><strong>LYRA ETNA et ATLAS&nbsp;: la Suspension Lambda<\/strong><\/p>\n\n\n\n<p>Depuis 2008 tous le mod\u00e8les LYRA (Delos, Kleos, Etna, Atlas), incorporent des amortisseurs coniques pour pr\u00e9charger le cantilever vers le bas lorsqu&#8217;il est en position de repos, de sorte que l&#8217;application de la pression verticale (VTF) assure l\u2019alignement de la bobine avec les aimants lorsque la cellule est en position de lecture.<\/p>\n\n\n\n<p>Les recherches continues de LYRA sur les syst\u00e8mes d\u2019amortissement et de suspension ont maintenant conduit \u00e0 un nouveau d\u00e9veloppement&nbsp;: le syst\u00e8me Lambda.<\/p>\n\n\n\n<p>Lambda s\u00e9pare les amortisseurs coniques des cellules New Angle en disques \u00e9lastom\u00e8res plats (pour l&#8217;amortissement) et cr\u00e9e un support suppl\u00e9mentaire, \u00ab&nbsp;coussin&nbsp;\u00bb, pour pr\u00e9charger le cantilever. Cette s\u00e9paration permet l&#8217;utilisation de mat\u00e9riaux plus sp\u00e9cialis\u00e9s et mieux adapt\u00e9s \u00e0 leurs t\u00e2ches individuelles.<\/p>\n\n\n\n<p>Le Lambda Atlas et l&#8217;Etna conservent ainsi les avantages du Nouvel Angle (les angles de la bobine et de l&#8217;aimant s&#8217;alignent lorsque la cellule est en lecture), mais la stabilit\u00e9 et les performances sonores sont consid\u00e9rablement am\u00e9lior\u00e9es.<\/p>\n\n\n\n<p>Les am\u00e9liorations Lambda s&#8217;appliquent \u00e0 la fois aux mod\u00e8les \u00e0 simple bobine (Atlas SL, Etna SL) et aux mod\u00e8les \u00e0 double bobine standard (Atlas, Etna). De m\u00eame pour les mod\u00e8les Atlas Mono et Etna Mono.<\/p>\n\n\n\n<p><strong>LYRA ETNA Lambda<\/strong><\/p>\n\n\n\n<p><em>Alors que l&#8217;<strong>ETNA<\/strong> est deuxi\u00e8me, derri\u00e8re l\u2019ATLAS, dans la gamme LYRA, l\u2019\u00e9coute d\u00e9montre que les performances de cette cellule la placeraient facilement au sommet de n&#8217;importe quelle autre ligne de cellules.<\/em><\/p>\n\n\n\n<p><em>L\u2019ATLAS a un son tr\u00e8s raffin\u00e9 et \u00e9l\u00e9gant, voluptueux, tandis <strong>que la personnalit\u00e9 de l&#8217; ETNA est plus extravertie, avec une dynamique hors du commun.<\/strong><\/em><\/p>\n\n\n\n<p><em>Nous croyons sinc\u00e8rement que choisir entre ces deux phonocapteurs exceptionnels se ram\u00e8ne \u00e0 ses go\u00fbts personnels et au syst\u00e8me dans lequel il prendra place. Pour de nombreux audiophiles amoureux de la musique, l\u2019ETNA sera id\u00e9ale et deviendra probablement leur LYRA pr\u00e9f\u00e9r\u00e9e<strong>.<br><\/strong><\/em><strong><em>Jonathan Carr<\/em><\/strong><\/p>\n\n\n\n<p><strong><em>Trois mod\u00e8les de LYRA ETNA sont propos\u00e9s afin de r\u00e9pondre \u00e0 toutes les configurations.<\/em><\/strong><\/p>\n\n\n\n<figure class=\"wp-block-table\"><table><tbody><tr><td>LYRA ETNA Lambda<\/td><td><strong>Output voltage<\/strong>: 0.56mV@5cm\/sec<\/td><td>AP LYRA ETNA<\/td><\/tr><tr><td>LYRA ETNA Lambda&nbsp; Single Layer SL<\/td><td><strong>Output voltage: <\/strong>0.25mV@5cm\/sec<\/td><td>AP LYRA ETNA SL<\/td><\/tr><tr><td>LYRA ETNA Lambda Mono<\/td><td><strong>Output voltage:<\/strong> 0.25mV@5cm\/sec Mono<\/td><td>LYRA ETNA Mono<\/td><\/tr><\/tbody><\/table><\/figure>\n\n\n\n<div class=\"wp-block-buttons\">\n<div class=\"wp-block-button\"><a class=\"wp-block-button__link\" href=\"http:\/\/acoustic-precision.fr\/index.php\/lyra-etna-2\/\"> AP LYRA ETNA <\/a><\/div>\n\n\n\n<div class=\"wp-block-button\"><a class=\"wp-block-button__link\" href=\"http:\/\/acoustic-precision.fr\/index.php\/lyra-etna-sl\/\"> AP LYRA ETNA SL <\/a><\/div>\n\n\n\n<div class=\"wp-block-button\"><a class=\"wp-block-button__link\" href=\"http:\/\/acoustic-precision.fr\/index.php\/lyra-etna-mono\/\"> AP LYRA ETNA Mono <\/a><\/div>\n<\/div>\n\n\n\n<p><strong>LYRA ATLAS Lambda<\/strong><\/p>\n\n\n\n<p>Pour la premi\u00e8re fois une cellule phono est dot\u00e9e d\u2019une structure asym\u00e9trique. Cette structure permet de d\u00e9passer les limites d\u2019acc\u00e8s au \u00ab grand son \u00bb des cellules phono actuelles.<br><br><\/p>\n\n\n\n<p><em>\u00ab&nbsp;La Lyra ATLAS extrait tout simplement plus d&#8217;informations et les assemble mieux que toutes les cellules que j&#8217;ai entendues jusqu\u2019\u00e0 pr\u00e9sent&nbsp;\u00bb. <a>&nbsp;<\/a><\/em><strong>Dennis Davis<\/strong>The AudioBeat (7\/02\/ 2013)<em><br><br>\u00ab&nbsp;Lyra a fait un travail remarquable en \u00e9quilibrant la transparence avec la puret\u00e9, la palpabilit\u00e9 avec la pr\u00e9cision, afin de cr\u00e9er une exp\u00e9rience d\u2019\u00e9coute qui soit rarement moins que fascinante \u00bb.&nbsp;&nbsp;&nbsp;&nbsp;&nbsp; &nbsp;<br><\/em><strong>Jacob Heilbrunn<\/strong>The Absolute Sound (24\/08\/ 2018)<\/p>\n\n\n\n<div class=\"wp-block-buttons\">\n<div class=\"wp-block-button\"><a class=\"wp-block-button__link\" href=\"http:\/\/acoustic-precision.fr\/index.php\/lyra-atlas\/\"> AP LYRA ATLAS <\/a><\/div>\n<\/div>\n\n\n\n<p><strong><em>Trois mod\u00e8les de LYRA KLEOS sont propos\u00e9s afin de r\u00e9pondre \u00e0 toutes les configurations.<\/em><\/strong><\/p>\n\n\n\n<figure class=\"wp-block-table\"><table><tbody><tr><td>LYRA ATLAS<\/td><td><strong>Output voltage<\/strong>: 0.56mV@5cm\/sec<\/td><td>AP LYRA ATLAS<\/td><\/tr><tr><td>LYRA ATLAS Single Layer SL<\/td><td><strong>Output voltage: <\/strong>0.25mV@5cm\/sec<\/td><td>AP LYRA ATLAS SL<\/td><\/tr><tr><td>LYRA ATLAS Mono<\/td><td><strong>Output voltage: <\/strong>0.25mV@5cm\/sec., Mono<\/td><td>LYRA ATLAS Mono<\/td><\/tr><\/tbody><\/table><\/figure>\n\n\n\n<div class=\"wp-block-buttons\">\n<div class=\"wp-block-button\"><a class=\"wp-block-button__link\" href=\"http:\/\/acoustic-precision.fr\/index.php\/lyra-atlas\/\"> AP LYRA ATLAS <\/a><\/div>\n\n\n\n<div class=\"wp-block-button\"><a class=\"wp-block-button__link\" href=\"http:\/\/acoustic-precision.fr\/index.php\/lyra-atlas-sl\/\"> AP LYRA ATLAS SL <\/a><\/div>\n\n\n\n<div class=\"wp-block-button\"><a class=\"wp-block-button__link\" href=\"http:\/\/acoustic-precision.fr\/index.php\/lyra-atlas-mono\/\"> AP LYRA ATLAS Mono <\/a><\/div>\n<\/div>\n\n\n\n<p><strong>LYRA PhonoPipe<\/strong><\/p>\n\n\n\n<p>Cable de liaison Phono \u00e0 tr\u00e8s faible capacitance donnant plus de r\u00e9solution dynamique.<\/p>\n\n\n\n<p>Le Lyra PhonoPipe est un c\u00e2ble de liaison entre le bras de lecture et l\u2019\u00e9tage phono du pr\u00e9ampli. Il a principalement \u00e9t\u00e9 con\u00e7u pour pr\u00e9senter une tr\u00e8s faible capacit\u00e9 parasite, ceci afin de permettre \u00e0 l\u2019utilisateur un grand champ d\u2019adaptation de la r\u00e9sistance de charge de l\u2019\u00e9tage phono. En permettant l\u2019utilisation d\u2019une plus grande r\u00e9sistance de charge, la dynamique et le contraste dynamique sont accrus de m\u00eame que la r\u00e9solution et la facilit\u00e9 de lecture (tracking ability).<\/p>\n\n\n\n<p>La tr\u00e8s faible capacitance du c\u00e2ble permet de supprimer les r\u00e9sonances (EMI, RFI) qui se traduisent souvent par des duret\u00e9s (quelque fois prises pour de la dynamique !) et am\u00e9liore la r\u00e9solution et le naturel des cellules \u00e0 bobines mobiles.<\/p>\n\n\n\n<p>Le <strong>PHONOPIPE LYRA <\/strong>donne une sensation d\u2019extension sans limite du registre aigu: celui\u2010ci est parfaitement int\u00e9gr\u00e9 avec le reste du spectre musical, sans aucune mise en avant artificielle d\u2019harmoniques. Le naturel et la coh\u00e9rence de la reproduction musicale sont remarquables.<br><br><\/p>\n\n\n\n<p><em>\u00ab Pour les oreilles, le PhonoPipe s\u2019est av\u00e9r\u00e9 \u00eatre un grand succ\u00e8s et a \u00e9t\u00e9 notre vainqueur : dynamique, pr\u00e9cis, jamais agressif, ce c\u00e2ble est le plus coh\u00e9rent musicalement, dans la droite ligne des valeurs d\u2019excellence de Lyra \u00bb.<\/em><\/p>\n\n\n\n<p><strong>STEREOPLAY <\/strong>Test &amp; Technik\u2010Phonocable (septembre 2013)<\/p>\n\n\n\n<div class=\"wp-block-buttons\">\n<div class=\"wp-block-button\"><a class=\"wp-block-button__link\" href=\"http:\/\/acoustic-precision.fr\/index.php\/lyra-phono-pipe\/\"> AP LYRA Phono Pipe <\/a><\/div>\n<\/div>\n\n\n\n<p><strong>LYRA STP Stylus Protection Treatment<\/strong><\/p>\n\n\n\n<p>Comme son nom l\u2019indique le STP a pour fonction d\u2019entretenir et prot\u00e9ger le diamant des impuret\u00e9s afin d\u2019extraire le maximum d\u2019information musicale du sillon de vos LP.<\/p>\n\n\n\n<p><em>\u00ab La r\u00e9duction du bruit de surface \u00e9tait perceptible sur tous les types d&#8217;enregistrement susmentionn\u00e9s. Les fr\u00e9quences \u00e9lev\u00e9es semblent demeurer inchang\u00e9es, les instruments paraissent mieux pr\u00e9sents dans l\u2019espace avec une r\u00e9verb\u00e9ration sensiblement plus pr\u00e9cise \u00bb.<br><\/em><strong>The Stereo Times <\/strong>Jason Thorpe (26\/07\/2000)<em><\/em><\/p>\n\n\n\n<div class=\"wp-block-buttons\">\n<div class=\"wp-block-button\"><a class=\"wp-block-button__link\" href=\"http:\/\/acoustic-precision.fr\/index.php\/lyra-stp\/\"> AP LYRA STP <\/a><\/div>\n<\/div>\n","protected":false},"excerpt":{"rendered":"<p>L\u2019ensemble des cellules LYRA utilisent la technologie \u00ab les vinyles sous un autre angle \u00bb&nbsp;: l\u2019axe des bobines mobiles est inclin\u00e9 au repos de telle sorte qu\u2019elles sont parfaitement align\u00e9es avec les aimants pendant la lecture des LP (la force d\u2019appui modifiant l\u2019alignement du porte diamant). Gr\u00e2ce \u00e0 cette disposition originale, les bobines mobiles se [&hellip;]<\/p>\n","protected":false},"author":1,"featured_media":0,"parent":0,"menu_order":0,"comment_status":"closed","ping_status":"closed","template":"","meta":[],"_links":{"self":[{"href":"https:\/\/acoustic-precision.fr\/index.php\/wp-json\/wp\/v2\/pages\/100"}],"collection":[{"href":"https:\/\/acoustic-precision.fr\/index.php\/wp-json\/wp\/v2\/pages"}],"about":[{"href":"https:\/\/acoustic-precision.fr\/index.php\/wp-json\/wp\/v2\/types\/page"}],"author":[{"embeddable":true,"href":"https:\/\/acoustic-precision.fr\/index.php\/wp-json\/wp\/v2\/users\/1"}],"replies":[{"embeddable":true,"href":"https:\/\/acoustic-precision.fr\/index.php\/wp-json\/wp\/v2\/comments?post=100"}],"version-history":[{"count":10,"href":"https:\/\/acoustic-precision.fr\/index.php\/wp-json\/wp\/v2\/pages\/100\/revisions"}],"predecessor-version":[{"id":1283,"href":"https:\/\/acoustic-precision.fr\/index.php\/wp-json\/wp\/v2\/pages\/100\/revisions\/1283"}],"wp:attachment":[{"href":"https:\/\/acoustic-precision.fr\/index.php\/wp-json\/wp\/v2\/media?parent=100"}],"curies":[{"name":"wp","href":"https:\/\/api.w.org\/{rel}","templated":true}]}}